922?
42
Calculate the remainder when 133047 is divided by 158.
11
Calculate the remainder when 1696985 is divided by 88.
81
What is the remainder when 1898258 is divided by 12?
2
What is the remainder when 21545363 is divided by 1858?
1853
Calculate the remainder when 2880546 is divided by 2880491.
55
Calculate the remainder when 742660 is divided by 894.
640
What is the remainder when 118273870 is divided by 13141540?
10
Calculate the remainder when 251918 is divided by 251907.
11
What is the remainder when 260832225 is divided by 19?
16
Calculate the remainder when 194060302 is divided by 612.
610
What is the remainder when 314082 is divided by 16448?
1570
Calculate the remainder when 228646431 is divided by 28.
27
Calculate the remainder when 492599 is divided by 1528.
583
What is the remainder when 10082971 is divided by 840247?
7
What is the remainder when 7205006 is divided by 72?
38
Calculate the remainder when 296529628 is divided by 27.
22
Calculate the remainder when 2218626 is divided by 38.
34
Calculate the remainder when 102403467 is divided by 390.
387
What is the remainder when 38973 is divided by 12954?
111
What is the remainder when 11719376 is divided by 391?
324
Calculate the remainder when 9735312 is divided by 15.
12
Calculate the remainder when 14114260 is divided by 41758.
56
Calculate the remainder when 111923 is divided by 35815.
4478
Calculate the remainder when 435260 is divided by 977.
495
What is the remainder when 254977 is divided by 558?
529
What is the remainder when 9651009 is divided by 140?
109
What is the remainder when 7640553 is divided by 48?
9
Calculate the remainder when 716769 is divided by 357521.
1727
What is the remainder when 8316319 is divided by 15?
4
Calculate the remainder when 42605 is divided by 347.
271
What is the remainder when 1902658 is divided by 380521?
53
Calculate the remainder when 51979945 is divided by 2664.
2641
What is the remainder when 43951 is divided by 637?
635
What is the remainder when 710877 is divided by 1597?
212
What is the remainder when 5612414 is divided by 2008?
54
What is the remainder when 226700 is divided by 113305?
90
What is the remainder when 151165 is divided by 2712?
2005
What is the remainder when 333661 is divided by 388?
369
Calculate the remainder when 15848 is divided by 95.
78
What is the remainder when 1464701 is divided by 1788?
329
Calculate the remainder when 830980 is divided by 1418.
32
What is the remainder when 832106518 is divided by 180?
178
Calculate the remainder when 343668 is divided by 5028.
1764
What is the remainder when 510534 is divided by 169702?
1428
Calculate the remainder when 49843818 is divided by 919.
15
What is the remainder when 28381 is divided by 2363?
25
Calculate the remainder when 22737 is divided by 310.
107
Calculate the remainder when 1973314 is divided by 986649.
16
What is the remainder when 2712596 is divided by 2146?
52
What is the remainder when 154704 is divided by 25366?
2508
Calculate the remainder when 15878293 is divided by 1058552.
13
Calculate the remainder when 507369 is divided by 3789.
3432
Calculate the remainder when 66413085 is divided by 33206535.
15
Calculate the remainder when 101790 is divided by 101710.
80
Calculate the remainder when 4283082 is divided by 849.
726
What is the remainder when 331755 is divided by 1093?
576
Calculate the remainder when 33518845 is divided by 256.
253
Calculate the remainder when 1635273 is divided by 1635259.
14
Calculate the remainder when 264124 is divided by 13.
3
Calculate the remainder when 718688 is divided by 57.
32
Calculate the remainder when 2340169 is divided by 38363.
26
What is the remainder when 9146097 is divided by 120?
57
Calculate the remainder when 120138 is divided by 7504.
74
What is the remainder when 1506403 is divided by 8100?
7903
What is the remainder when 13848703 is divided by 629486?
11
Calculate the remainder when 520660 is divided by 534.
10
Calculate the remainder when 349226 is divided by 697.
29
Calculate the remainder when 795859 is divided by 7958.
59
Calculate the remainder when 6473045 is divided by 45266.
7
What is the remainder when 859462 is divided by 6?
4
What is the remainder when 2459827 is divided by 385?
62
What is the remainder when 2958712 is divided by 6013?
316
Calculate the remainder when 460406 is divided by 4095.
1766
What is the remainder when 2865985 is divided by 88?
1
Calculate the remainder when 27468 is divided by 1437.
165
What is the remainder when 241819 is divided by 2048?
155
What is the remainder when 410009 is divided by 136656?
41
Calculate the remainder when 308948 is divided by 97.
3
Calculate the remainder when 1235864 is divided by 4494.
14
What is the remainder when 209396976 is divided by 69798991?
3
What is the remainder when 226913 is divided by 5299?
4355
What is the remainder when 106063 is divided by 96717?
9346
Calculate the remainder when 197755 is divided by 5204.
3
Calculate the remainder when 1146376 is divided by 84.
28
Calculate the remainder when 5110592 is divided by 1100.
1092
What is the remainder when 355018 is divided by 2123?
477
Calculate the remainder when 110789 is divided by 2214.
89
What is the remainder when 2192585 is divided by 54812?
105
Calculate the remainder when 1078069 is divided by 6022.
131
What is the remainder when 17442516 is divided by 47919?
0
What is the remainder when 111377721 is divided by 111377697?
24
What is the remainder when 65604743 is divided by 2658?
2645
What is the remainder when 3114042 is divided by 163884?
246
What is the remainder when 361446 is divided by 51630?
36
What is the remainder when 783960 is divided by 6411?
1818
What is the remainder when 5110709 is divided by 51?
50
Calculate the remainder when 362792445 is divided by 2096.
2093
Calculate the remainder when 2139418 is divided by 2593.
193
What is the remainder when 20337662 is divided by 146?
8
Calculate the remainder when 50028 is divided by 50017.
11
What is the remainder when 262041 is divided by 23757?
714
What is the remainder when 172710316 is divided by 86355157?
2
What is the remainder when 181657985 is divided by 432519?
5
What is the remainder when 158244 is divided by 17565?
159
What is the remainder when 430068 is divided by 1688?
1316
What is the remainder when 3308082 is divided by 3475?
3357
What is the remainder when 53748281 is divided by 2338?
2337
What is the remainder when 110291885 is divided by 306?
305
What is the remainder when 465777 is divided by 465314?
463
Calculate the remainder when 2892805 is divided by 284.
265
What is the remainder when 5089886 is divided by 1446?
1412
Calculate the remainder when 2622170 is divided by 1311049.
72
What is the remainder when 1162959 is divided by 1093?
7
Calculate the remainder when 221041 is divided by 4829.
3736
Calculate the remainder when 4472371 is divided by 24.
19
What is the remainder when 1558068 is divided by 3315?
18
Calculate the remainder when 15532880 is divided by 597418.
12
What is the remainder when 92407600 is divided by 19?
17
What is the remainder when 168574647 is divided by 38?
35
What is the remainder when 94243 is divided by 35?
23
Calculate the remainder when 412572 is divided by 137466.
174
What is the remainder when 21477091 is divided by 1952460?
31
What is the remainder when 82084 is divided by 2848?
2340
Calculate the remainder when 152398 is divided by 152205.
193
What is the remainder when 29766077 is divided by 20?
17
Calculate the remainder when 197499 is divided by 90.
39
Calculate the remainder when 105399 is divided by 7420.
1519
Calculate the remainder when 105713046 is divided by 219.
213
Calculate the remainder when 1161118 is divided by 5773.
745
Calculate the remainder when 986551 is divided by 478.
437
Calculate the remainder when 81846 is divided by 40753.
340
Calculate the remainder when 820797 is divided by 300.
297
Calculate the remainder when 210254 is divided by 52421.
570
Calculate the remainder when 99026683 is divided by 19849.
22
Calculate the remainder when 19015336 is divided by 31.
29
What is the remainder when 12874022 is divided by 356?
350
Calculate the remainder when 32862 is divided by 31044.
1818
Calculate the remainder when 6907262 is 